 207. What are the prime factors of j(-7)?
5303
Suppose 4*i - g - 9 = 0, 0 = -3*i + 8*i + 2*g + 5. List the prime factors of (-2)/(3957/3963 - i).
1321
Let a(o) = o**3 + o**2 - 7*o - 33. Let d(j) = -3*j**3 - 3*j**2 + 16*j + 68. Let y(u) = -9*a(u) - 4*d(u). List the prime factors of y(5).
2, 5, 47
Suppose -38*h + 10*h + 1084832 = 30*h. List the prime factors of h.
2, 7, 167
Let g = 71443 + -31251. What are the prime factors of g?
2, 157
List the prime factors of 332 - (-9 + (-11 - -24)).
2, 41
Suppose 0 = 1586*u - 1563*u - 212037. List the prime factors of u.
3, 7, 439
Let c(b) = 6120*b - 104. What are the prime factors of c(6)?
2, 23, 199
Let f(m) = -1620*m**2 + 3*m - 3. Let l be f(1). List the prime factors of 29/(((-30)/l)/(2/6)).
2, 3, 29
Let m(g) = g**3 + 12*g**2 - 15*g + 7. Let n be m(-12). Suppose -5*t + n = 37. List the prime factors of (-36)/t*(220/6)/(-1).
2, 11
Let c(s) = 4*s**3 + 4*s + 15. Let h be c(4). Let f = -26 + h. What are the prime factors of f?
3, 29
Suppose -11*c + 46578 = -53*c. Let s = c - -2151. List the prime factors of s.
2, 521
Let d be 2 + 2 - (8 - 5). Let i(r) = 84*r + r**3 - 3 - 86*r + 2 + 3*r**2 - d. List the prime factors of i(-3).
2
Let z = 46 + -43. Suppose -2*g = 2*g - a - 1785, z*a - 1781 = -4*g. What are the prime factors of g?
2, 223
Let x be (0 + 2)/(44/11)*-6. List the prime factors of (-782)/x + 4/12 - -4.
5, 53
Let o be (-12 + 12)*(2 + -1). List the prime factors of (o + 310)*((-9)/(-6))/3.
5, 31
Suppose -2*h = 196*k - 199*k + 81845, 27280 = k - h. What are the prime factors of k?
3, 5, 17, 107
Let s be (0 + -1)/(-3*1/12). Let w be 18 + -1 + s - -2. Suppose 12*n - w - 85 = 0. List the prime factors of n.
3
Suppose 5*q + 4*d + 1045 = 0, 35*q - 40*q - 1045 = 5*d. Let g = q + 1106. List the prime factors of g.
3, 13, 23
Let n be (-1)/(0 - 2/10). Let f be (-4)/n*420/8. What are the prime factors of (f/24)/(2/(-32))?
2, 7
Let r = -327 - -547. Suppose -14*c + 12*c = -r. Let a = c - 30. What are the prime factors of a?
2, 5
Let l = 464 - 195. Suppose 0 = -2*i + 3*i - 87. Suppose 2*g + i = l. List the prime factors of g.
7, 13
Suppose -2*u - 239 = 3*d, -2*u = -u + 3*d + 124. Let r = u + 239. List the prime factors of r.
2, 31
Suppose 0 = 5*d - 19 - 6. Let q(c) = 3*c + 60. Let p be q(-20). What are the prime factors of 170 - (-10)/(p - d)?
2, 3, 7
Suppose 4*k - 88 - 360 = 0. Let x be k/(-48)*(-3)/1. What are the prime factors of (-136)/(-14) - (-2)/x?
2, 5
Suppose 0 = 4*a + 3*a + 7. Let o(n) = -872*n + 13. List the prime factors of o(a).
3, 5, 59
Let a(j) = 10*j**3 - 11*j**2 - 11*j**3 + 13*j**2 + 21 + 13*j**2 + 5*j. List the prime factors of a(12).
3, 19
Let v = -251 - -253. Suppose 0 = p + 3*p - 312. List the prime factors of p/v + (-9)/3.
2, 3
Suppose g = -9 + 11. Let p be g/(110/35 - 3). What are the prime factors of (p/35 + 62/(-5))*-1?
2, 3
Let y(i) = -72*i - 42 - 49 - 28. What are the prime factors of y(-10)?
601
Let p(v) = -2*v**2 + 22*v + 4. Let g be p(11). Let k(u) = 46*u - 19. Let l be k(4). Suppose 75 + l = g*b. What are the prime factors of b?
2, 3, 5
What are the prime factors of 3*10/50*895?
3, 179
Suppose -49628 + 13758 = -5*k. What are the prime factors of k?
2, 17, 211
Let p = 96 + -92. Let b(y) = 0 + 24*y - p + 9. List the prime factors of b(4).
101
Let n(l) = 835*l**2 - 18*l + 110. What are the prime factors of n(5)?
3, 5, 7, 199
Suppose 193*a - 241196 = 20319. What are the prime factors of a?
5, 271
Let c(z) = -10962*z - 2517. What are the prime factors of c(-3)?
3, 53, 191
Suppose -4 = -6*j + 8. Let i(l) = l**3 - 7*l**2 + 10*l - 2. Let s be i(2). What are the prime factors of j/s*-1 - -60?
61
Let j be (-1)/3*(-99)/(-22)*-2. Suppose 4*g = -h - 0*g + 71, -g - 4 = 0. Suppose -3*k - k - 5*v = -116, -j*k + v = -h. What are the prime factors of k?
29
Let y(s) = 105*s**2 - 15*s + 33. List the prime factors of y(-6).
3, 1301
Let m be 6/(-14) - (-2 + (-2160)/42). Let a = m + 204. Suppose -8*i - a = -1457. What are the prime factors of i?
2, 3, 5
Let i(a) = 12*a**2 + 145 + 0*a**2 + 3*a - 144. Let n be i(2). Let v = 72 + n. List the prime factors of v.
127
Let g(w) be the second derivative of w**4/12 + 7*w**3/3 + 8*w**2 - 4*w. Let a be g(-13). What are the prime factors of a/9 - (-194)/3?
5, 13
Let m = -54 + -118. Let o = 179 + m. What are the prime factors of o?
7
Let i(z) = z**2 - 31. Let l be i(-6). Let r = l - 7. What are the prime factors of (-505 - -3)*(6/4 + r)?
251
Suppose -5*b - 12 = -22. Suppose 0 = -7*t + b*t. Suppose -45*w + 47*w - 66 = t. What are the prime factors of w?
3, 11
Let b(k) = -2*k + 17 - 17 + 32. Let w be b(5). Suppose p + 3*x - 11 = 13, -p + w = 4*x. What are the prime factors of p?
2, 3, 5
Let n = -19543 + 44112. List the prime factors of n.
79, 311
What are the prime factors of (248/(-20))/(252/(-1033830))?
3, 31, 547
Suppose -25*h = -176 - 349. List the prime factors of (((-3864)/16)/h)/((-1)/78).
3, 13, 23
What are the prime factors of 4/(-46) - ((-30)/(-230))/((-2)/223132)?
2, 17, 107
Suppose 10*m = 9*m + 83*m - 2498294. What are the prime factors of m?
30467
Suppose -43 - 65 = -3*u. Let b(t) = -4*t**2 - 23*t - 13. Let g be b(-5). Suppose 2*z - g*j = u + 42, 0 = 4*z + j - 161. List the prime factors of z.
2, 5
Let p = 95 - 93. Suppose -p*x = -856 + 150. What are the prime factors of x?
353
Let y be ((-2)/(-8))/((-3)/(-2616)). Let a = y - 124. List the prime factors of a.
2, 47
Let g = -13962 - -21135. List the prime factors of g.
3, 797
Let n(s) = s**2 - 20*s + 28. Let g be n(15). Let i = g + 52. Suppose -3*d + 49 = -d + 5*f, i*d = -4*f + 97. List the prime factors of d.
17
Let i(n) = 176*n - 1893. What are the prime factors of i(18)?
3, 5, 17
Let k be (-1 + (-5 - (-5 + 2)))/(-1). Suppose k*b + 5 - 12 = -o, 0 = 2*b - 2*o - 2. List the prime factors of (21 + -15)*(1 - b - -26).
2, 3, 5
Suppose -1725 = 6*l + 1575. Let j = -163 - l. List the prime factors of j.
3, 43
Let r = 13103 + -1994. Suppose 75*w - 68*w - r = 0. List the prime factors of w.
3, 23
Suppose 2*k - 3904 = a, 5856 = 3*k - 247*a + 248*a. List the prime factors of k.
2, 61
Let t = 36472 - 24882. Suppose q + 18*q = t. List the prime factors of q.
2, 5, 61
Suppose -342 = -2*n - n - 2*q, -5*n = 3*q - 570. Suppose -i + 68 = z, 5*z = -3*i + 328 - n. Suppose -m - y + i = y, -y + 209 = 3*m. List the prime factors of m.
71
Let g = -173 + 117. Let l = -54 - g. Suppose 3*v = l*j - 433, -5*j - v + 446 = -628. List the prime factors of j.
5, 43
List the prime factors of 41*76*18/(-21)*175/(-40).
3, 5, 19, 41
Let o(y) = -98*y**2 - 9*y + 13. Let q be o(2). Let v = -204 - q. List the prime factors of v.
193
Suppose 17*f - 23130 - 194294 - 156865 = 0. List the prime factors of f.
3, 41, 179
Let z = 221 - 196. Suppose -5 = z*j - 26*j. List the prime factors of j.
5
Suppose -53084 = -2*m + 4*h, 68*m = 67*m - h + 26551. List the prime factors of m.
2, 6637
Let x = 488 - 23. Suppose 4*p + 5*l - 1849 = 0, -5*l + x = p - l. What are the prime factors of p?
461
Suppose 5*n - n - 228 = 0. Let p = n - -40. Let c = p - -15. List the prime factors of c.
2, 7
Let d(w) = 12*w**2 + 11*w + 3. Let q be d(-3). Suppose 62 - q = -4*b. Suppose 5*u - 2*i - 565 = 3*i, 0 = b*i - 4. What are the prime factors of u?
2, 3, 19
Let h(f) = 12*f + 9. Let i be h(3). Suppose -5*u + 30 = -i. Let c = 72 - u. List the prime factors of c.
3, 19
Suppose -66*u + 78*u - 132 = 0. Suppose -u*n = 10*n - 10080. List the prime factors of n.
2, 3, 5
Let w(k) = k**3 - 12*k**2 + 12*k - 9. Let s be w(11). Suppose 1410 = s*m - 5*j, -2065 = -7*m + 4*m - 5*j. List the prime factors of m.
5, 139
Suppose -p - h + 2*h = -34, 4*p + 3*h - 108 = 0. Let s be 10/75 - (-3506)/p. Let v = -88 + s. What are the prime factors of v?
29
Let p be (-51)/(-2) + 22/4 + -5. Let d be p/8*(-6 + 10). Suppose 0 = 8*m - d*m + 185. List the prime factors of m.
37
Suppose 7*j - 139892 = 32765 + 25331. List the prime factors of j.
2, 3, 2357
Suppose 2*i - 56 = 4*i. Let j(v) = -6*v - 19 - 32 + 90. List the prime factors of j(i).
3, 23
Let f = 26 + 41. Suppose 2*b = -10, 3*h = 6*b - b + f. List the prime factors of h/(-10) + 1 + (-9646)/(-65).
2, 37
Suppose 0 = -4*x - 127*f + 122*f + 20526, 3*f + 6 = 0. What are the prime factors of x?
2, 17, 151
Let w be (78/(-4))/13 + (-15)/6. What are the prime f